{"id":272,"date":"2016-05-27T17:28:51","date_gmt":"2016-05-27T17:28:51","guid":{"rendered":"http:\/\/www.riadmeziana.com\/?page_id=272&#038;lang=fr"},"modified":"2016-06-21T19:23:03","modified_gmt":"2016-06-21T19:23:03","slug":"a-propos","status":"publish","type":"page","link":"https:\/\/www.riadmeziana.com\/fr\/a-propos\/","title":{"rendered":"A propos"},"content":{"rendered":"<p>[vc_row full_width=&#8221;stretch_row&#8221; parallax=&#8221;content-moving&#8221; parallax_image=&#8221;173&#8243; enable_overlay=&#8221;true&#8221; bg_overlay=&#8221;rgba(0,0,0,0.3)&#8221; css=&#8221;.vc_custom_1464138577011{padding-top: 150px !important;padding-bottom: 80px !important;}&#8221;][vc_column]<div class=\"awe-special-heading text-center\" style=\"color:#ffffff;\"><h2>A PROPOS DE RIAD DAR MEZIANA<\/h2><div class=\"awe-subheading below\"><p>H\u00f4tel de charme<\/p><\/div><\/div>[\/vc_column][\/vc_row][vc_row][vc_column width=&#8221;1\/2&#8243;][vc_raw_html]JTNDaWZyYW1lJTIwd2lkdGglM0QlMjI1NjAlMjIlMjBoZWlnaHQlM0QlMjIzMTUlMjIlMjBzcmMlM0QlMjJodHRwcyUzQSUyRiUyRnd3dy55b3V0dWJlLmNvbSUyRmVtYmVkJTJGVEc4MDhEQkxIcnclMjIlMjBmcmFtZWJvcmRlciUzRCUyMjAlMjIlMjBhbGxvd2Z1bGxzY3JlZW4lM0UlM0MlMkZpZnJhbWUlM0U=[\/vc_raw_html][\/vc_column][vc_column width=&#8221;1\/2&#8243; css=&#8221;.vc_custom_1462715693973{padding-left: 10px !important;}&#8221; enable_overlay=&#8221;true&#8221;]<div class=\"awe-special-heading text-left\"><h2>A PROPOS DE DAR MEZIANA<\/h2><\/div>[vc_column_text size=&#8221;0&#8243; css=&#8221;.vc_custom_1464487465737{padding-left: 10px !important;}&#8221;]Le Riad Dar Meziana est situ\u00e9 au c\u0153ur de la m\u00e9dina de Chefchaouen, \u00e0 10 minutes \u00e0 pied au des chutes de Ras-El-Ma, le centre des principaux monuments de la ville de Chefchaouen. Le Riad combine une architecture marocaine et andalouse, avec sa belle terrasse sur le toit et\u00a0vue panoramique sur le Rif.<\/p>\n<p><span style=\"line-height: 1.5;\">Les chambres sont climatis\u00e9es et \u00e9l\u00e9gamment d\u00e9cor\u00e9es, disposent d&#8217;un style marocain-andalou. Avec des tuiles color\u00e9es, les salles de bains, des douches et des articles de toilette gratuits salle de bains privative. Certaines chambres disposent d&#8217;un coin salon tandis que d&#8217;autres ont un lit en bois scuplt\u00e9.<\/span><\/p>\n<p>Les clients pourront prendre une petit-d\u00e9jeuner traditionnel chaque matin\u00e9 sur la terrasse de Dar Meziana. Des sp\u00e9cialit\u00e9s locales sont pr\u00e9par\u00e9es dans la salle \u00e0 manger pour le d\u00eener.[\/vc_column_text][\/vc_column][\/vc_row][vc_row][vc_column width=&#8221;1\/2&#8243;]<div class=\"awe-special-heading text-left\"><h2>PLUS SUR NOUS<\/h2><\/div>[vc_column_text size=&#8221;0&#8243;]Vous pouvez \u00e9galement vous d\u00e9tendre dans le salon ou lire un livre de la biblioth\u00e8que. L&#8217;Internet sans fil est \u00e9galement disponible \u00e0 votre disposition gratuitement dans les parties communes. La Kasbah est \u00e0 10 minutes \u00e0 pied et aussi la r\u00e9serve naturelle de Bouhachem de parck est \u00e0 10 km. Un parking public est disponible \u00e0 proximit\u00e9 avec\u00a0un prix abordable.<\/p>\n<p><span style=\"line-height: 1.5;\">Vous pouvez profiter tranquillement votre h\u00e9bergement jusqu&#8217;\u00e0 12h00 le jour du d\u00e9part. Le personnel est disponible 24\/24, il vous aidera \u00e0 organiser des excursions et les transferts a\u00e9roport.<\/span><\/p>\n<p>c&#8217;est le quartier pr\u00e9f\u00e9r\u00e9 des voyageurs visitant Chefchaouen, selon les commentaires des clients ind\u00e9pendants.<\/p>\n<p>Nous parlons votre langue![\/vc_column_text][\/vc_column][vc_column width=&#8221;1\/2&#8243; css=&#8221;.vc_custom_1462715720769{padding-left: 10px !important;}&#8221; enable_overlay=&#8221;true&#8221;][vc_single_image image=&#8221;158&#8243; img_size=&#8221;full&#8221;][\/vc_column][\/vc_row][vc_row full_width=&#8221;stretch_row&#8221; parallax=&#8221;content-moving&#8221; parallax_image=&#8221;27&#8243; enable_overlay=&#8221;true&#8221; bg_overlay=&#8221;rgba(72,72,72,0.6)&#8221; css=&#8221;.vc_custom_1464138883021{padding-top: 50px !important;padding-bottom: 50px !important;}&#8221;][vc_column]<div class=\"awe-special-heading text-center\" style=\"color:#ffffff;\"><h2>LE RIAD EN NOMBRE<\/h2><\/div>[vc_row_inner][vc_column_inner width=&#8221;1\/4&#8243;]\t\t<div class=\"statistics_item\">\n\t\t\t<span class=\"count\">151<\/span>\n\t\t\t<span>DANS LA LISTE FAVORITE<\/span>\t\t<\/div>\n\t\t[\/vc_column_inner][vc_column_inner width=&#8221;1\/4&#8243;]\t\t<div class=\"statistics_item\">\n\t\t\t<span class=\"count\">932<\/span>\n\t\t\t<span>Chambre R\u00e9s\u00e9rv\u00e9<\/span>\t\t<\/div>\n\t\t[\/vc_column_inner][vc_column_inner width=&#8221;1\/4&#8243;]\t\t<div class=\"statistics_item\">\n\t\t\t<span class=\"count\">876<\/span>\n\t\t\t<span>GUEST S\u00c9JOUR<\/span>\t\t<\/div>\n\t\t[\/vc_column_inner][vc_column_inner width=&#8221;1\/4&#8243;]\t\t<div class=\"statistics_item\">\n\t\t\t<span class=\"count\">456<\/span>\n\t\t\t<span>REPAS SERVI<\/span>\t\t<\/div>\n\t\t[\/vc_column_inner][\/vc_row_inner][\/vc_column][\/vc_row][vc_row][vc_column]<div class=\"awe-special-heading text-center\" style=\"color:#232323;\"><h2>PERSONNEL DE RIAD<\/h2><\/div>[vc_row_inner][vc_column_inner width=&#8221;1\/3&#8243;][\/vc_column_inner][vc_column_inner width=&#8221;1\/3&#8243;]        <!-- TEAM MEMBER -->\n        <div class=\"team_item text-center\">\n\n            <div class=\"img\">\n                <a href=\"\"><img decoding=\"async\" src=\"https:\/\/www.riadmeziana.com\/wp-content\/uploads\/2016\/05\/ABDESLAM-MOUDDEN-300x187.jpg\" alt=\"ABDESLAM MOUDEN\"><\/a>\n            <\/div>\n\n            <div class=\"text\">\n                <h2>ABDESLAM MOUDEN<\/h2>\n                                    <span>G\u00e9rant de Dar Meziana et Guide touristique<\/span>\n                                <p>Mr Abdeslam est le gestionnaire de raid depuis 2015 et Guide touristique, parle quatre langues: anglais, arabe, espagnol et fran\u00e7ais.<\/p>\n                                <div class=\"team-share\">\n                    <a href=\"https:\/\/www.facebook.com\/\"><i class=\"fa fa-facebook\"><\/i><\/a><a href=\"#\"><i class=\"fa fa-google-plus\"><\/i><\/a><a href=\"https:\/\/twitter.com\/awethemes\"><i class=\"fa fa-twitter\"><\/i><\/a><a href=\"\" style=\"display:none\"><i class=\"fa fa-github\"><\/i><\/a><a href=\"\" style=\"display:none\"><i class=\"fa fa-instagram\"><\/i><\/a><a href=\"\" style=\"display:none\"><i class=\"fa fa-pinterest\"><\/i><\/a><a href=\"\" style=\"display:none\"><i class=\"fa fa-linkedin\"><\/i><\/a><a href=\"\" style=\"display:none\"><i class=\"fa fa-skype\"><\/i><\/a><a href=\"\" style=\"display:none\"><i class=\"fa fa-tumblr\"><\/i><\/a><a href=\"\" style=\"display:none\"><i class=\"fa fa-youtube\"><\/i><\/a><a href=\"\" style=\"display:none\"><i class=\"fa fa-vimeo-square\"><\/i><\/a><a href=\"\" style=\"display:none\"><i class=\"fa fa-flickr\"><\/i><\/a><a href=\"\" style=\"display:none\"><i class=\"fa fa-dribbble\"><\/i><\/a>                <\/div>\n            <\/div>\n\n        <\/div>\n        <!-- END \/ TEAM MEMBER -->\n        [\/vc_column_inner][vc_column_inner width=&#8221;1\/3&#8243;][\/vc_column_inner][\/vc_row_inner][\/vc_column][\/vc_row][vc_row][vc_column][vc_empty_space height=&#8221;15px&#8221;][\/vc_column][\/vc_row]<\/p>\n","protected":false},"excerpt":{"rendered":"<p>[vc_row full_width=&#8221;stretch_row&#8221; parallax=&#8221;content-moving&#8221; parallax_image=&#8221;173&#8243; enable_overlay=&#8221;true&#8221; bg_overlay=&#8221;rgba(0,0,0,0.3)&#8221; css=&#8221;.vc_custom_1464138577011{padding-top: 150px !important;padding-bottom: 80px !important;}&#8221;][vc_column][\/vc_column][\/vc_row][vc_row][vc_column width=&#8221;1\/2&#8243;][vc_raw_html]JTNDaWZyYW1lJTIwd2lkdGglM0QlMjI1NjAlMjIlMjBoZWlnaHQlM0QlMjIzMTUlMjIlMjBzcmMlM0QlMjJodHRwcyUzQSUyRiUyRnd3dy55b3V0dWJlLmNvbSUyRmVtYmVkJTJGVEc4MDhEQkxIcnclMjIlMjBmcmFtZWJvcmRlciUzRCUyMjAlMjIlMjBhbGxvd2Z1bGxzY3JlZW4lM0UlM0MlMkZpZnJhbWUlM0U=[\/vc_raw_html][\/vc_column][vc_column width=&#8221;1\/2&#8243; css=&#8221;.vc_custom_1462715693973{padding-left: 10px !important;}&#8221; enable_overlay=&#8221;true&#8221;][vc_column_text size=&#8221;0&#8243; css=&#8221;.vc_custom_1464487465737{padding-left: 10px !important;}&#8221;]Le Riad Dar Meziana est situ\u00e9 au c\u0153ur de la m\u00e9dina de Chefchaouen, \u00e0 10 minutes \u00e0 pied au des chutes de Ras-El-Ma, le centre des principaux monuments de la ville de Chefchaouen. Le Riad &hellip;<\/p>\n","protected":false},"author":1,"featured_media":0,"parent":0,"menu_order":0,"comment_status":"closed","ping_status":"closed","template":"","meta":{"footnotes":""},"class_list":["post-272","page","type-page","status-publish","hentry"],"_links":{"self":[{"href":"https:\/\/www.riadmeziana.com\/fr\/wp-json\/wp\/v2\/pages\/272","targetHints":{"allow":["GET"]}}],"collection":[{"href":"https:\/\/www.riadmeziana.com\/fr\/wp-json\/wp\/v2\/pages"}],"about":[{"href":"https:\/\/www.riadmeziana.com\/fr\/wp-json\/wp\/v2\/types\/page"}],"author":[{"embeddable":true,"href":"https:\/\/www.riadmeziana.com\/fr\/wp-json\/wp\/v2\/users\/1"}],"replies":[{"embeddable":true,"href":"https:\/\/www.riadmeziana.com\/fr\/wp-json\/wp\/v2\/comments?post=272"}],"version-history":[{"count":6,"href":"https:\/\/www.riadmeziana.com\/fr\/wp-json\/wp\/v2\/pages\/272\/revisions"}],"predecessor-version":[{"id":432,"href":"https:\/\/www.riadmeziana.com\/fr\/wp-json\/wp\/v2\/pages\/272\/revisions\/432"}],"wp:attachment":[{"href":"https:\/\/www.riadmeziana.com\/fr\/wp-json\/wp\/v2\/media?parent=272"}],"curies":[{"name":"wp","href":"https:\/\/api.w.org\/{rel}","templated":true}]}}

<p>[vc_row full_width=&#8221;stretch_row&#8221; parallax=&#8221;content-moving&#8221; parallax_image=&#8221;173&#8243; enable_overlay=&#8221;true&#8221; bg_overlay=&#8221;rgba(0,0,0,0.3)&#8221; css=&#8221;.vc_custom_1464138577011{padding-top: 150px !important;padding-bottom: 80px !important;}&#8221;][vc_column]<div class="awe-special-heading text-center" style="color:#ffffff;"><h2>A PROPOS DE RIAD DAR MEZIANA</h2><div class="awe-subheading below"><p>Hôtel de charme</p></div></div>[/vc_column][/vc_row][vc_row][vc_column width=&#8221;1/2&#8243;][vc_raw_html]JTNDaWZyYW1lJTIwd2lkdGglM0QlMjI1NjAlMjIlMjBoZWlnaHQlM0QlMjIzMTUlMjIlMjBzcmMlM0QlMjJodHRwcyUzQSUyRiUyRnd3dy55b3V0dWJlLmNvbSUyRmVtYmVkJTJGVEc4MDhEQkxIcnclMjIlMjBmcmFtZWJvcmRlciUzRCUyMjAlMjIlMjBhbGxvd2Z1bGxzY3JlZW4lM0UlM0MlMkZpZnJhbWUlM0U=[/vc_raw_html][/vc_column][vc_column width=&#8221;1/2&#8243; css=&#8221;.vc_custom_1462715693973{padding-left: 10px !important;}&#8221; enable_overlay=&#8221;true&#8221;]<div class="awe-special-heading text-left"><h2>A PROPOS DE DAR MEZIANA</h2></div>[vc_column_text size=&#8221;0&#8243; css=&#8221;.vc_custom_1464487465737{padding-left: 10px !important;}&#8221;]Le Riad Dar Meziana est situé au cœur de la médina de Chefchaouen, à 10 minutes à pied au des chutes de Ras-El-Ma, le centre des principaux monuments de la ville de Chefchaouen. Le Riad combine une architecture marocaine et andalouse, avec sa belle terrasse sur le toit et vue panoramique sur le Rif.</p>
<p><span style="line-height: 1.5;">Les chambres sont climatisées et élégamment décorées, disposent d&#8217;un style marocain-andalou. Avec des tuiles colorées, les salles de bains, des douches et des articles de toilette gratuits salle de bains privative. Certaines chambres disposent d&#8217;un coin salon tandis que d&#8217;autres ont un lit en bois scuplté.</span></p>
<p>Les clients pourront prendre une petit-déjeuner traditionnel chaque matiné sur la terrasse de Dar Meziana. Des spécialités locales sont préparées dans la salle à manger pour le dîner.[/vc_column_text][/vc_column][/vc_row][vc_row][vc_column width=&#8221;1/2&#8243;]<div class="awe-special-heading text-left"><h2>PLUS SUR NOUS</h2></div>[vc_column_text size=&#8221;0&#8243;]Vous pouvez également vous détendre dans le salon ou lire un livre de la bibliothèque. L&#8217;Internet sans fil est également disponible à votre disposition gratuitement dans les parties communes. La Kasbah est à 10 minutes à pied et aussi la réserve naturelle de Bouhachem de parck est à 10 km. Un parking public est disponible à proximité avec un prix abordable.</p>
<p><span style="line-height: 1.5;">Vous pouvez profiter tranquillement votre hébergement jusqu&#8217;à 12h00 le jour du départ. Le personnel est disponible 24/24, il vous aidera à organiser des excursions et les transferts aéroport.</span></p>
<p>c&#8217;est le quartier préféré des voyageurs visitant Chefchaouen, selon les commentaires des clients indépendants.</p>
<p>Nous parlons votre langue![/vc_column_text][/vc_column][vc_column width=&#8221;1/2&#8243; css=&#8221;.vc_custom_1462715720769{padding-left: 10px !important;}&#8221; enable_overlay=&#8221;true&#8221;][vc_single_image image=&#8221;158&#8243; img_size=&#8221;full&#8221;][/vc_column][/vc_row][vc_row full_width=&#8221;stretch_row&#8221; parallax=&#8221;content-moving&#8221; parallax_image=&#8221;27&#8243; enable_overlay=&#8221;true&#8221; bg_overlay=&#8221;rgba(72,72,72,0.6)&#8221; css=&#8221;.vc_custom_1464138883021{padding-top: 50px !important;padding-bottom: 50px !important;}&#8221;][vc_column]<div class="awe-special-heading text-center" style="color:#ffffff;"><h2>LE RIAD EN NOMBRE</h2></div>[vc_row_inner][vc_column_inner width=&#8221;1/4&#8243;]		<div class="statistics_item">
			<span class="count">151</span>
			<span>DANS LA LISTE FAVORITE</span>		</div>
		[/vc_column_inner][vc_column_inner width=&#8221;1/4&#8243;]		<div class="statistics_item">
			<span class="count">932</span>
			<span>Chambre Résérvé</span>		</div>
		[/vc_column_inner][vc_column_inner width=&#8221;1/4&#8243;]		<div class="statistics_item">
			<span class="count">876</span>
			<span>GUEST SÉJOUR</span>		</div>
		[/vc_column_inner][vc_column_inner width=&#8221;1/4&#8243;]		<div class="statistics_item">
			<span class="count">456</span>
			<span>REPAS SERVI</span>		</div>
		[/vc_column_inner][/vc_row_inner][/vc_column][/vc_row][vc_row][vc_column]<div class="awe-special-heading text-center" style="color:#232323;"><h2>PERSONNEL DE RIAD</h2></div>[vc_row_inner][vc_column_inner width=&#8221;1/3&#8243;][/vc_column_inner][vc_column_inner width=&#8221;1/3&#8243;]        <!-- TEAM MEMBER -->
        <div class="team_item text-center">

            <div class="img">
                <a href=""><img decoding="async" src="https://www.riadmeziana.com/wp-content/uploads/2016/05/ABDESLAM-MOUDDEN-300x187.jpg" alt="ABDESLAM MOUDEN"></a>
            </div>

            <div class="text">
                <h2>ABDESLAM MOUDEN</h2>
                                    <span>Gérant de Dar Meziana et Guide touristique</span>
                                <p>Mr Abdeslam est le gestionnaire de raid depuis 2015 et Guide touristique, parle quatre langues: anglais, arabe, espagnol et français.</p>
                                <div class="team-share">
                    <a href="https://www.facebook.com/"><i class="fa fa-facebook"></i></a><a href="#"><i class="fa fa-google-plus"></i></a><a href="https://twitter.com/awethemes"><i class="fa fa-twitter"></i></a><a href="" style="display:none"><i class="fa fa-github"></i></a><a href="" style="display:none"><i class="fa fa-instagram"></i></a><a href="" style="display:none"><i class="fa fa-pinterest"></i></a><a href="" style="display:none"><i class="fa fa-linkedin"></i></a><a href="" style="display:none"><i class="fa fa-skype"></i></a><a href="" style="display:none"><i class="fa fa-tumblr"></i></a><a href="" style="display:none"><i class="fa fa-youtube"></i></a><a href="" style="display:none"><i class="fa fa-vimeo-square"></i></a><a href="" style="display:none"><i class="fa fa-flickr"></i></a><a href="" style="display:none"><i class="fa fa-dribbble"></i></a>                </div>
            </div>

        </div>
        <!-- END / TEAM MEMBER -->
        [/vc_column_inner][vc_column_inner width=&#8221;1/3&#8243;][/vc_column_inner][/vc_row_inner][/vc_column][/vc_row][vc_row][vc_column][vc_empty_space height=&#8221;15px&#8221;][/vc_column][/vc_row]</p>

<p>[vc_row full_width=&#8221;stretch_row&#8221; parallax=&#8221;content-moving&#8221; parallax_image=&#8221;173&#8243; enable_overlay=&#8221;true&#8221; bg_overlay=&#8221;rgba(0,0,0,0.3)&#8221; css=&#8221;.vc_custom_1464138577011{padding-top: 150px !important;padding-bottom: 80px !important;}&#8221;][vc_column][/vc_column][/vc_row][vc_row][vc_column width=&#8221;1/2&#8243;][vc_raw_html]JTNDaWZyYW1lJTIwd2lkdGglM0QlMjI1NjAlMjIlMjBoZWlnaHQlM0QlMjIzMTUlMjIlMjBzcmMlM0QlMjJodHRwcyUzQSUyRiUyRnd3dy55b3V0dWJlLmNvbSUyRmVtYmVkJTJGVEc4MDhEQkxIcnclMjIlMjBmcmFtZWJvcmRlciUzRCUyMjAlMjIlMjBhbGxvd2Z1bGxzY3JlZW4lM0UlM0MlMkZpZnJhbWUlM0U=[/vc_raw_html][/vc_column][vc_column width=&#8221;1/2&#8243; css=&#8221;.vc_custom_1462715693973{padding-left: 10px !important;}&#8221; enable_overlay=&#8221;true&#8221;][vc_column_text size=&#8221;0&#8243; css=&#8221;.vc_custom_1464487465737{padding-left: 10px !important;}&#8221;]Le Riad Dar Meziana est situé au cœur de la médina de Chefchaouen, à 10 minutes à pied au des chutes de Ras-El-Ma, le centre des principaux monuments de la ville de Chefchaouen. Le Riad &hellip;</p>
